e factors of 102787.
23, 41, 109
List the prime factors of 351289.
351289
What are the prime factors of 6846548?
2, 23, 74419
List the prime factors of 465196.
2, 19, 6121
What are the prime factors of 817325?
5, 32693
What are the prime factors of 40627?
40627
What are the prime factors of 75594?
2, 3, 43, 293
List the prime factors of 42123015.
3, 5, 11, 43, 1979
List the prime factors of 168375.
3, 5, 449
List the prime factors of 3083899.
7, 13, 33889
List the prime factors of 2249254.
2, 7, 347, 463
List the prime factors of 178797.
3, 107, 557
What are the prime factors of 1600710?
2, 3, 5, 229, 233
List the prime factors of 278634.
2, 3, 46439
List the prime factors of 374235.
3, 5, 61, 409
What are the prime factors of 4309250?
2, 5, 11, 1567
What are the prime factors of 299851?
23, 13037
List the prime factors of 219301.
219301
What are the prime factors of 4487290?
2, 5, 167, 2687
What are the prime factors of 9661703?
9661703
What are the prime factors of 544035?
3, 5, 36269
List the prime factors of 4806465.
3, 5, 320431
List the prime factors of 684836.
2, 19, 9011
What are the prime factors of 105755?
5, 13, 1627
List the prime factors of 230224.
2, 14389
What are the prime factors of 242999?
242999
What are the prime factors of 166211?
71, 2341
What are the prime factors of 127554?
2, 3, 7, 3037
List the prime factors of 136428.
2, 3, 11369
What are the prime factors of 210495?
3, 5, 14033
List the prime factors of 2057882.
2, 1028941
What are the prime factors of 2304819?
3, 11, 31, 751
List the prime factors of 2168203.
41, 52883
List the prime factors of 17775444.
2, 3, 97, 15271
List the prime factors of 11670173.
1637, 7129
List the prime factors of 147069.
3, 13, 419
What are the prime factors of 1687833?
3, 7, 73, 367
What are the prime factors of 12621365?
5, 23, 109751
What are the prime factors of 109072?
2, 17, 401
List the prime factors of 1142102.
2, 13, 31, 109
List the prime factors of 965142.
2, 3, 61, 293
List the prime factors of 135647.
135647
List the prime factors of 1092761.
71, 15391
List the prime factors of 5346599.
5346599
List the prime factors of 9123453.
3, 1013717
What are the prime factors of 1710272?
2, 26723
List the prime factors of 154199.
271, 569
List the prime factors of 3824646.
2, 3, 7, 13009
List the prime factors of 58792.
2, 7349
List the prime factors of 391036.
2, 29, 3371
What are the prime factors of 811768?
2, 29, 3499
List the prime factors of 2240352.
2, 3, 2593
What are the prime factors of 45294?
2, 3, 7549
List the prime factors of 1713066.
2, 3, 53, 5387
What are the prime factors of 1389235?
5, 277847
What are the prime factors of 331696?
2, 20731
List the prime factors of 31512.
2, 3, 13, 101
What are the prime factors of 1971228?
2, 3, 7, 31, 757
List the prime factors of 151417.
7, 97, 223
What are the prime factors of 3500918?
2, 1750459
What are the prime factors of 6738346?
2, 31, 251, 433
What are the prime factors of 609507?
3, 67723
List the prime factors of 2711076.
2, 3, 157, 1439
List the prime factors of 5898853.
5898853
List the prime factors of 908503.
908503
What are the prime factors of 389163?
3, 73, 1777
List the prime factors of 5121188.
2, 1280297
What are the prime factors of 7730180?
2, 5, 59, 6551
List the prime factors of 8817716.
2, 53, 41593
What are the prime factors of 510312?
2, 3, 11, 1933
List the prime factors of 1984863.
3, 661621
What are the prime factors of 573104?
2, 7, 17, 43
List the prime factors of 425825.
5, 17033
List the prime factors of 7131252.
2, 3, 594271
List the prime factors of 73582.
2, 36791
What are the prime factors of 4119465?
3, 5, 7, 39233
What are the prime factors of 16569670?
2, 5, 13, 197, 647
What are the prime factors of 285599?
285599
What are the prime factors of 6159252?
2, 3, 11, 29, 1609
What are the prime factors of 15012242?
2, 7, 19, 56437
List the prime factors of 1040732.
2, 7, 11, 31, 109
What are the prime factors of 134521?
17, 41, 193
List the prime factors of 151493.
197, 769
List the prime factors of 20611246.
2, 109, 94547
What are the prime factors of 2622218?
2, 1311109
List the prime factors of 128120.
2, 5, 3203
What are the prime factors of 135541?
7, 17, 67
List the prime factors of 1067928.
2, 3, 44497
List the prime factors of 423643.
11, 19, 2027
List the prime factors of 7136276.
2, 7, 281, 907
What are the prime factors of 167520?
2, 3, 5, 349
List the prime factors of 12278019.
3, 13, 61, 397
List the prime factors of 8015.
5, 7, 229
List the prime factors of 4017199.
4017199
What are the prime factors of 77966?
2, 7, 5569
What are the prime factors of 3074140?
2, 5, 281, 547
What are the prime factors of 2001?
3, 23, 29
List the prime factors of 1639390.
2, 5, 71, 2309
List the prime factors of 275478.
2, 3, 7, 937
List the prime factors of 469513.
11, 42683
What are the prime factors of 874236?
2, 3, 11, 37, 179
List the prime factors of 19366330.
2, 5, 1936633
List the prime factors of 6709462.
2, 43, 78017
List the prime factors of 468330.
2, 3, 5, 67, 233
List the prime factors of 2898608.
2, 29, 6247
List the prime factors of 2102927.
2102927
List the prime factors of 145891.
37, 3943
List the prime factors of 5162513.
5162513
List the prime factors of 1453636.
2, 17, 21377
List the prime factors of 6480102.
2, 3, 19, 56843
What are the prime factors of 319050?
2, 3, 5, 709
What are the prime factors of 77245?
5, 7, 2207
What are the prime factors of 1187347?
7, 29, 5849
List the prime factors of 919670.
2, 5, 91967
List the prime factors of 1161941.
11, 73, 1447
What are the prime factors of 547831?
547831
What are the prime factors of 336907?
199, 1693
List the prime factors of 255988.
2, 63997
List the prime factors of 2521458.
2, 3, 127, 1103
What are the prime factors of 2614657?
47, 55631
What are the prime factors of 277882?
2, 11, 17, 743
List the prime factors of 2750581.
43, 47, 1361
List the prime factors of 1640595.
3, 5, 11, 61, 163
What are the prime factors of 518075?
5, 17, 23, 53
List the prime factors of 36036201.
3, 3433, 3499
List the prime factors of 1593653.
1593653
List the prime factors of 896178.
2, 3, 41, 3643
What are the prime factors of 133736?
2, 73, 229
What are the prime factors of 65053?
65053
List the prime factors of 6746676.
2, 3, 29, 19387
What are the prime factors of 119175?
3, 5, 7, 227
What are the prime factors of 2791823?
67, 41669
What are the prime factors of 1912794?
2, 3, 13, 137, 179
List the prime factors of 3256056.
2, 3, 41, 1103
List the prime factors of 244568.
2, 19, 1609
What are the prime factors of 1225572?
2, 3, 41, 47, 53
What are the prime factors of 135938?
2, 11, 37, 167
List the prime factors of 1019112.
2, 3, 42463
What are the prime factors of 374774?
2, 187387
What are the prime factors of 542014?
2, 11, 71, 347
List the prime factors of 42230.
2, 5, 41, 103
What are the prime factors of 352211?
569, 619
List the prime factors of 21786373.
7, 229, 13591
What are the prime factors of 127270?
2, 5, 11, 13, 89
List the prime factors of 291367.
291367
What are the prime factors of 229142?
2, 114571
List the prime factors of 11877815.
5, 17, 139739
What are the prime factors of 271230?
2, 3, 5, 9041
What are the prime factors of 3434332?
2, 11, 89, 877
List the prime factors of 125356.
2, 7, 11, 37
What are the prime factors of 17541903?
3, 5847301
List the prime factors of 2028983.
11, 139, 1327
List the prime factors of 1232861.
7, 176123
List the prime factors of 1615255.
5, 17, 31, 613
What are the prime factors of 844683?
3, 7, 19, 29, 73
List the prime factors of 6414424.
2, 23, 71, 491
List the prime factors of 906818.
2, 11, 47, 877
List the prime factors of 11354.
2, 7, 811
What are the prime factors of 109817?
193, 569
List the prime factors of 1935170.
2, 5, 29, 6673
What are the prime factors of 4772847?
3, 1590949
What are the prime factors of 2832363?
3, 314707
What are the prime factors of 3887389?
11, 101, 3499
List the prime factors of 2704871.
13, 208067
List the prime factors of 502519.
79, 6361
List the prime factors of 9264148.
2, 2316037
List the prime factors of 3919181.
7, 559883
List the prime factors of 24538528.
2, 7, 109547
What are the prime factors of 33740?
2, 5, 7, 241
What are t